4
Suppose 0 = 7*r - 107 + 23. Let s(d) = d**2 - d - 18. What is the hundreds digit of s(r)?
1
What is the hundreds digit of (16/(-2) - -1)/(3/(-255))?
5
Let l be (-2)/6 + 816/18. Suppose -8 = -j - 4*c, 0 = 5*j + 2*c + c + l. What is the units digit of (-4)/j*(-96)/(-2)?
6
Let c(a) = 30*a**2 + 19*a - 37. What is the units digit of c(7)?
6
Let u(j) = j**3 + 4*j**2 - 6*j + 2. Let v be u(-6). Let x = v - -26. What is the units digit of 70 - (-1)/(-2)*x?
4
Suppose -20 = b - 3*b. Let r(d) = d**2 - 8*d - 12. Let m be r(b). Suppose 0 = -4*w + m - 4. What is the units digit of w?
1
Suppose -2252 = -6*i - 50. Let q = -91 + i. What is the units digit of q?
6
What is the thousands digit of (678/3 + -7)*(-62)/(-6)?
2
What is the thousands digit of (48/30 - 10)/((-2)/580)?
2
Suppose 0 = 2*b + 2*x + 22, 5*b + 4*x + 80 = 24. Let h(w) = 7*w - 8. Let p be h(b). Let o = p - -156. What is the tens digit of o?
6
Let k(w) = -3*w + 9 - 4*w**2 + 4*w + 3*w**2 - 2*w. Let z be k(0). What is the units digit of (-2)/(6/z) + 10?
7
What is the hundreds digit of 389 + (-9 - (3 - 7))?
3
Let x be (-4)/6 + (-112)/12. Let r = x + 13. Suppose 0 = 2*f - 5*b - 133, 0*b + r*b - 255 = -5*f. What is the tens digit of f?
5
Let l(c) = -16*c**3 + 1. Suppose -4*r - 14 + 34 = 4*s, -4*s = r + 1. Suppose -2 = -5*a - r. What is the tens digit of l(a)?
1
Suppose 5*v - 3*v = 3*f + 11, -57 = -4*v - f. Suppose k = -7*k. Let z = k + v. What is the units digit of z?
3
Let v(o) = o**3 - 8*o**2 + 7*o - 3. Let x be v(7). Let m be (x - -6) + (1 - -120). Suppose -2*b + 6*b = m. What is the tens digit of b?
3
Let z(d) = 84*d**2 - 18*d + 17. What is the units digit of z(1)?
3
Suppose 7*q - 273 = 630. Let k = -91 + q. What is the units digit of k?
8
Suppose 15 = -2*r + 1. Let o be (5 + r)*(-134)/(-4). Let q = -3 - o. What is the tens digit of q?
6
Let m(r) = -r**3 + 8*r**2 - 3*r - 5. Let u be -4 + (0 - -2)/(-2). Let j be u/((-15)/18) + -1. What is the units digit of m(j)?
5
Let u(j) = -177*j + 2. What is the units digit of u(-3)?
3
Let k(o) = -o**2 - o + 108. Let z(n) = n**2 - 1. Let r be z(1). What is the hundreds digit of k(r)?
1
Suppose 6*l = 5*l + 450. What is the tens digit of l?
5
Let k(o) = o**2 + 5*o - 50. Suppose -50 + 89 = 3*c. What is the units digit of k(c)?
4
Let y = -2525 - -4979. What is the tens digit of y?
5
Let n = 2 - 8. Let o(s) = -205 + 205 - 4*s. What is the tens digit of o(n)?
2
Suppose 0 = r + 3*r - 5*a - 7, -4*a = -4. Suppose r*f - 6 = -0*f. Suppose -16 = -f*v + v. What is the tens digit of v?
1
Let x be (-3 + 4)/((-1)/105). What is the tens digit of 616/10 + 63/x?
6
Let g be (3 - 2) + 5 + 0. Let j = -93 + 130. Suppose 2*x = 3*m + g - j, 0 = 5*m + x - 69. What is the tens digit of m?
1
Let i = 1211 + -814. What is the units digit of i?
7
Suppose -5*j - 145 = 4*w, -3*j + 2*w - 87 = 3*w. Let u = 17 - j. What is the tens digit of u?
4
What is the units digit of -4 + ((-24)/(-6) - -591)?
1
What is the tens digit of (8 + 2327/26)/(2/24)?
7
Let s = -426 - -403. Suppose 2*v - 2 = 0, -4*v - 68 = 3*k + 36. Let z = s - k. What is the tens digit of z?
1
Let r(x) = -2 - x**2 + 8*x**2 - 2 - 5*x**2. What is the units digit of r(-5)?
6
Suppose 0 = -0*c - c + 4*h - 31, -c - 22 = 5*h. What is the tens digit of (88/3)/((-9)/c)?
8
Let i be (-903)/9 - 10/15. Let y = i - -127. What is the tens digit of y?
2
Let k = 16 + -12. Suppose -8*m + k*m = -20. Suppose 89 = 4*z + d - 4*d, 35 = z - m*d. What is the units digit of z?
0
Let u(s) = s**3 - 7*s**2 - 2*s + 9. Let n be u(7). Let h(a) = -27*a**3 + 3*a**2 - 4*a + 5. Let m be h(2). What is the units digit of m/(-15) + (-1)/n?
4
Let a(z) = 96*z**2 + 2*z - 5. Let x be a(2). Suppose 2*s = u - 81, 4*u + s - x = -u. What is the units digit of u?
7
Suppose p + 12 = 3*c - 0, 2*c - 4*p + 2 = 0. Let z be (4/(-5))/((-2)/c). Suppose 3*f - 87 = -2*x, 0*f - 2*x = -z*f + 58. What is the units digit of f?
9
Let o = -105 + 119. What is the units digit of 2642/o - 3*(-8)/84?
9
Let o(f) be the first derivative of 2*f**3 + 7*f**2/2 - 5*f - 7. What is the hundreds digit of o(5)?
1
Let j be ((-1355)/(-20))/((-1)/(-4)). Suppose j = 2*p + 47. Suppose y + 3*y = p. What is the tens digit of y?
2
Let v be (-3 - (2 + -3))*-1. Suppose v = 8*t - 7*t. Suppose -2*a - a - 25 = -t*m, -4*a - 10 = -m. What is the units digit of m?
4
Suppose q - 758 = 5*o, -4*q + 2994 = -0*o - o. What is the hundreds digit of q?
7
Suppose 76 = -5*x + 2*k, -x = -2*x - 3*k - 22. Suppose -3*f = -f + 56. Let w = x - f. What is the units digit of w?
2
Let t be 0 + 1/2 + 14/(-28). Suppose 5*d + 0 = -5, -5*j - 2*d + 418 = t. What is the units digit of j?
4
Let b = 241 - 97. What is the units digit of b?
4
Suppose 0 = -5*f + 553 - 163. What is the units digit of f?
8
Let z be -5 - (-2)/(8/(-12)). Let p = z - -10. Suppose -2*k = p*k - 120. What is the tens digit of k?
3
What is the thousands digit of 52820/24 + 17/102?
2
Let o(g) = -g**3 + 42*g**2 - 138*g - 123. What is the hundreds digit of o(37)?
6
Suppose -13*h = 5*h - 7164. What is the tens digit of h?
9
Suppose 5*l = -4*j + 172, 0*j + 2*j = -4*l + 140. Let o be 8/l - (-20)/(-9). What is the tens digit of -3*(5/(-1) + o)?
2
Let k = -57 - -24. Let g = -31 - k. Let j = 4 - g. What is the units digit of j?
2
Suppose -s + 3369 + 140 = 0. What is the tens digit of s?
0
Let i(b) = 429*b**2 - 24*b. What is the tens digit of i(1)?
0
Let p(y) = 97*y - 29. What is the tens digit of p(7)?
5
Let x(k) = -k**3 + 18*k**2 - 16*k + 13. Let r be x(17). Let c = 151 - r. What is the tens digit of c?
2
Suppose 5*t - 18 = -3. Let c be (6/(-4) - (-1 - 0))*0. Suppose c = t*l - 5*l + 26. What is the units digit of l?
3
Let u be 46/14 + 12/(-42). Suppose -2*h + u - 15 = 2*s, -3*s + 2*h = -7. What is the units digit of (-1)/(s + (-2)/(-3))?
3
Let a(t) = -2*t - 22. Let d be a(-7). What is the units digit of d/(380/(-185) + 2)?
8
Suppose 3*m - 29 = -11. What is the units digit of (8/m*4)/(4/174)?
2
Let u = 3617 - 539. What is the hundreds digit of u?
0
Let b(g) = 23*g - 23. Let z be b(12). Suppose -46 = 4*h - d - 380, 3*h - 2*d - z = 0. What is the units digit of h?
3
Let p = 380 - -53. What is the hundreds digit of p?
4
Suppose -2*v + 12 = v. Suppose v*n = 98 + 274. What is the units digit of n?
3
Suppose -5*l + 125 = n, 121 = n + 6*l - 3*l. What is the units digit of n?
5
Suppose -4*r + o = -6, 2*o - o = -2*r + 6. What is the units digit of ((-623)/(-21))/(r/18)?
7
Suppose -6*l - 2097 = -9*l. What is the hundreds digit of l?
6
What is the hundreds digit of (-560)/(-168)*4353/5?
9
Let d be (-3 + 21/2)*-4. Let s = d - -55. What is the units digit of s + 1 - 0/1?
6
Let o(l) = 3*l**3 - 6*l**2 + 8*l + 19. What is the thousands digit of o(8)?
1
Suppose -1843 = -3*g + t, -5*g + 1399 = -2*t - 1673. Suppose a + g = 4*u, -2*u + 316 = 5*a - a. What is the units digit of u?
4
Let p = -92 + 152. What is the units digit of p - 3*16/(-12)?
4
Let q be (-13)/((-273)/(-846)) - 4/(-14). Let m = 172 + q. What is the tens digit of m?
3
Let k = 1040 - 640. Suppose 4*f = 0, -440 = -4*c - f + k. What is the hundreds digit of c?
2
Suppose -11*p + 0*p = 22. What is the tens digit of ((-184)/p)/(1 + 0)?
9
Let m(w) = -14*w + 32. What is the tens digit of m(-31)?
6
Suppose -4 = -3*h + d + 3, d = -h + 1. Let i be 21 - -2 - (h + 1). Suppose 3*w = 4*w - i. What is the units digit of w?
0
Let d(s) = s**3 + 45*s**2 - 24*s - 11. What is the hundreds digit of d(-45)?
0
Suppose -8 = -2*d + 4*i, -5*d + i + 4 = 2. Suppose d*h - 336 = -2*h. What is the tens digit of h?
6
Let w(l) = 489*l**3 - l**2 + l. What is the hundreds digit of w(1)?
4
Let s be -17*2*30/(-12). Let l = 121 - s. What is the units digit of l?
6
Let k be (17/(-17))/((-2)/(-6)). What is the units digit of 84 - (0 + 0 - k)?
1
Let s(k) = 30*k**2 - 2*k - 9. Let d(q) = -10*q**2 + q + 3. Let c(i) = -7*d(i) - 2*s(i). What is the units digit of c(-1)?
0
Suppose -81016 = -38*x - 3*x. What is the tens digit of x?
7
Suppose -16*k - 3*k + 12540 = 0. Suppose 245*x = 248*x - k. What is the units digit of x?
0
Let p = 4 + 26. Suppose 4*d - l - p = -11, 0 = -5*d + 4*l + 32. Suppose -2*m - 5*u + 3 = -21, d*m - 100 = 3*u. What is the units digit of m?
2
Suppose -3*w + 4827 = 3*z, 0*w + 3*w = 3*z + 4821. What is the units digit of w?
8
Let i(g) = 2*g + 3*g**2 - 6*g**2 - 2*g**3